s - 7. Let w = 59 - 63. Let d be 14/2 + w + -15. What is z(d)?
5
Let s(w) = w - 2. Let k(a) = -4*a + 8. Let g = 6 - -3. Let v(o) = g*s(o) + 2*k(o). Suppose 5*f = f + 8. Determine v(f).
0
Let v(z) = z - 146 + 146 - 8*z + z**2. Give v(6).
-6
Suppose -7*v = -3*v + 4. Let m(t) = -t**3 - 3*t**2 + 2*t - 5. Let a be m(-4). Let n(s) = 5*s + a + 6*s - 2. What is n(v)?
-10
Suppose 0 = -12*h + 7*h + 675. Let f(s) = -h*s + 63*s - 3 + 71*s. Let m be ((0 - 2) + 1)*7. Calculate f(m).
4
Suppose -29*c = -28*c - 5. Let u(w) be the first derivative of 3*w**2 + 1/3*w**3 + w - c. Determine u(-6).
1
Let m(v) = v**2 + 3*v + 5. Let g be m(-2). Let f(c) = c**2 - 5*c + 2. Give f(g).
-4
Let b(t) = t - 2. Let g be b(4). Let p(l) = -4*l**3 - l**g + 5*l**3 - 5*l**2 - 2*l + 8 - l. Suppose 4*u - 9 = 5*f - 35, 5 = 5*u. Give p(f).
-10
Suppose 0 = 7*d + 2232 - 2183. Let n(b) = -b**3 - 7*b**2 - 3*b - 8. What is n(d)?
13
Let m = 465 + -482. Let q(y) = y**3 + 16*y**2 - 20*y - 21. Calculate q(m).
30
Let x(w) = w**3 - w**2 + 2*w - 2. Let c(b) = b**2 + 10*b + 8. Let o be c(-10). Suppose -o*y - y = -18. What is x(y)?
6
Let p(j) = j**2 - 38*j + 2. Let v be p(38). Let u(h) be the third derivative of -h**v - 1/24*h**4 + 1/15*h**5 + 0 + 0*h + 0*h**3. What is u(-1)?
5
Let a(l) = -3*l**3 + 1. Let n(r) = r**2 - 8*r - 10. Let g = 57 - 48. Let o be n(g). Calculate a(o).
4
Suppose -8*k - 59 + 11 = 0. Let u(j) = j**2 + 7*j + 5. Determine u(k).
-1
Let l(x) = -3 - 160*x**3 + 161*x**3 + 2. Let u(i) = -3*i**3 - 2*i**2 - i + 4. Let n(j) = 4*l(j) + u(j). Determine n(3).
6
Let l(s) be the third derivative of -s**5/60 + s**4/8 + s**3/6 + 2999*s**2. Suppose -4 = 2*p - 10. Determine l(p).
1
Let k(x) = x. Let c(m) = -m - 7. Let n(f) = -f**3 + 2*f**2 + f - 2. Let v be n(3). Let j be c(v). Let s be k(j). Let l(o) = 4*o**2 + 2*o - 1. Give l(s).
5
Let q(h) be the third derivative of -h**4/24 + h**3/3 - 79*h**2. What is q(2)?
0
Let k(d) = -4*d + 8. Let x(z) = -2*z + 4. Let l(u) = -6*k(u) + 13*x(u). Let b be l(3). Let t(c) = -70 + 2*c**2 + 68 - c**2 + c**3. Give t(b).
-6
Let a(i) = 3*i + 1 - 2 + 2*i. Let t be a(-1). Let s(c) be the second derivative of -c**4/12 - c**3 + 3*c**2 + 9*c. Give s(t).
6
Let u(y) = 3*y + 9. Let h be ((-1)/(-2) + 1)/((-7)/(-14)). Let g be (((-54)/15)/h)/((-1)/(-5)). What is u(g)?
-9
Suppose -4*x + 8*x - 5*a = 43, 2*x - 5 = -3*a. Let b(k) = k - x - 3 + 22 - 8. Suppose -4*u - 12 = 4*p, 4*u + 3*p = -2 - 7. Calculate b(u).
4
Let n(k) = k**3 - k**2 + 3*k + 3. Let a be 4/8*18/3. Suppose z + 3*s = 2*z - 1, -3*z = -a*s + 3. What is n(z)?
-15
Suppose 0 = -5*w + x + 1 - 3, -2*x - 6 = 0. Let z(g) be the third derivative of 13*g**5/60 + g**4/24 - 8*g**2. What is z(w)?
12
Let v(y) = -y + 1. Let k = 16 - 14. Let c(z) = 2*z - 3. Let r(f) = k*c(f) + 6*v(f). Let l(j) = -j**3 - 11*j**2 + 12*j + 1. Let u be l(-12). Determine r(u).
-2
Let o(q) = -4*q + 34. Let s(t) = t - 7. Let r(k) = 3*o(k) + 14*s(k). Let w be (10/(-6))/(37/(-111)). Calculate r(w).
14
Let o be 308/(-98) - 3/(-21). Let w(b) = b + 4. Give w(o).
1
Let z = -1627 + 1628. Let c(t) be the first derivative of -4*t**2 + 1/3*t**3 + 3*t - z. Determine c(5).
-12
Let r(a) be the second derivative of -a**3/3 + 420*a. Let c = -14 - -10. Let p = c + 3. What is r(p)?
2
Let n be 6/(-9)*(-3 - -9). Let o(x) = -x**2 + 3*x + 10. What is o(n)?
-18
Let i(a) = -3*a**3 + a**2 - 1. Let r(v) = 2*v + 15. Suppose n - 3*n = 16. Let g be r(n). Determine i(g).
3
Let x(k) be the second derivative of k**5/20 - k**4/12 - k**3/6 - 18*k**2 + 95*k. Give x(0).
-36
Let t(w) be the third derivative of -w**7/2520 - w**6/720 - 17*w**4/24 - 4*w**2. Let v(l) be the second derivative of t(l). Calculate v(-1).
0
Let t(v) = v**2 + 5*v - 6. Let s be 2/(-9 - -5)*-2. Let r(w) = -7*w**2 + 3*w - 2. Let a be r(s). Determine t(a).
0
Let m(w) = 12*w - 24*w - 6 + 11*w. Suppose -3*x - 2*h = 32, -2*h + 0 = 8. Give m(x).
2
Suppose 5*x = -25, -5*p - x = -3*x - 20. Let h(g) = -3 + 0*g**3 - 6*g**p - g**3 - 7*g - 5 - 2*g**2. Calculate h(-7).
-8
Let p be 4/(-14) - (-161)/49. Let j(z) = 0*z - p + 2*z - 6. Calculate j(6).
3
Let i(h) = -5*h - 1. Let r = 36 - -40. Let y = r + -75. Determine i(y).
-6
Let z be -5 - 133/(-14) - 6/(-4). Let b(m) = m**2 - 4*m + 5. Calculate b(z).
17
Suppose -18 = -4*b + 5*t, 3*t - 4 = 4*b - 9*b. Let k(h) = 7 - h - 8*h**2 + h**b - 6 + 2*h. Determine k(-1).
-7
Let o(i) = -i**3 - 5*i**2 - 2*i - 3. Suppose -30*b - 56 = -16*b. What is o(b)?
-11
Suppose -147*j - 60 = -150*j. Let u be (5/j)/(2/56). Let k(o) = -o**2 + 6*o + 1. Determine k(u).
-6
Let l = 16 + -14. Let h(d) = -1 + 3*d**2 - 6*d**l + 6*d**2 - 4*d**2. Let i = 1 + -4. Give h(i).
-10
Let r(j) = -j. Let g = -24 - -45. Suppose -g = -2*l + 9. Let h = -16 + l. Determine r(h).
1
Let g(v) = 7742*v - 7743*v + 3*v**2 + 4 - 2*v**2 + v**3. Give g(3).
37
Let k(x) = 0 - 2 - 5*x - 2*x**2 + 3*x**2. Suppose -39 = 3*g - 5*j - 99, j + 18 = g. Suppose -3*m - 3*b + g = 0, -2*m + 7 = b - 4. What is k(m)?
4
Let h(a) = a**3 - 2*a**2 - 4. Suppose 0 = -3*r - 0*r + 9. Let g(y) = y**2 + y - 9. Let p be g(r). What is h(p)?
5
Let g(p) = 4*p - 17. Let t = 57 - 51. Calculate g(t).
7
Let u(m) = m**3 + 14*m**2 - m - 12. Let v be u(-14). Let q(h) = h + 4. Let i be q(6). Suppose v*z = -3*z + i. Let c(x) = -x**3 + 3*x - 3. Determine c(z).
-5
Let a(m) = 5*m**2 - 1 - 2*m**2 - 4*m**2 + m. Suppose t = 10 - 5, -4*t = 4*x - 28. Give a(x).
-3
Let b(u) = 7713 - 7713 - 5*u + 61*u**3 + u**2. Let m(f) = -12*f**3 + f. Let p(l) = -2*b(l) - 11*m(l). Calculate p(-1).
-11
Suppose -50 = z + z. Let x = -19 - z. Let a(o) = 9*o**2 - 7*o + 21. Let h(r) = -5*r**2 + 3*r - 11. Let g(m) = 4*a(m) + 7*h(m). What is g(x)?
1
Let h(l) = -5*l - 39. Let o(a) = -a - 8. Let s(u) = -2*h(u) + 11*o(u). Let b be s(-18). Suppose 5*g - 9*g = -b. Let n(w) = -w**2 + 4*w - 2. Calculate n(g).
2
Let t(u) = -4*u**2 + 6. Let f(z) = 11*z**2 - z - 16. Let c(j) = -3*f(j) - 8*t(j). Let r = 5 - 3. Suppose r = 3*y - 4. Calculate c(y).
2
Let v(y) = y. Let q be 4/10*(61 - 36). Give v(q).
10
Let t(j) = j**2 - 9*j + 12. Suppose g = 4*u - 12, 4*u + 60*g - 64*g - 12 = 0. What is t(u)?
-6
Let f(m) = -m**2 + 49*m + 2 + 48*m + 51*m - 147*m. Suppose -4*g - x = -6, -4*g - 3*x - 2 = -2*g. What is f(g)?
0
Let v(l) = -16*l**2 - 5*l - 19. Let t(k) = -18*k**2 - 6*k - 21. Let p(f) = 9*t(f) - 10*v(f). What is p(-2)?
1
Suppose -t - 2*k - 5 = 0, -4*t - 4*k + 14 = 30. Let o(d) = d - 2. Calculate o(t).
-5
Let t(p) = 2*p + 4. Suppose -5*j + 52 = -23. Suppose -5 - j = 4*f. Determine t(f).
-6
Let c(n) = 3*n - 3 - 6*n - 10*n + 9*n - n**2. Determine c(-2).
1
Let r(z) = 3*z**2 - 3*z. Let q(l) = -8*l**2 + 5*l. Let k(j) = 2*q(j) + 5*r(j). Determine k(-4).
4
Let q(v) = -v**2 + 9*v - 2. Let j be -3 - (-7)/2 - 474/(-4). Let d be j/13 + -2*4/52. Give q(d).
-2
Let v(l) = 2176*l**2 - 2174*l**2 + 2*l - l - 3*l - 5. Give v(0).
-5
Let j(o) = -3006 - 3*o + o + 1504 + 1498. Calculate j(-4).
4
Let r(b) = -2*b**2 + 8*b + 3. Suppose 0 = -17*c + 70*c - 212. Calculate r(c).
3
Let d(b) = 48*b**2 + b - 27*b**2 - 23*b**2 + 1. Suppose -a + 4 = 5. What is d(a)?
-2
Suppose 1 = -0*q - 2*q + 5*n, q + 3*n - 27 = 0. Let c be -7 + 5 + -5 + -3. Let z = c + q. Let r(y) = -3*y**2 + 1. Give r(z).
-11
Let y(q) = 6*q**3 + 2*q**2 + 2*q + 1. Let c(o) = -o**3 - 4*o**2 + 10*o + 24. Let w be c(-5). Give y(w).
-5
Let q(s) = -9*s**2 + 2*s - 3. Let v(b) = 3*b**2 + 0 + 5*b**2 - 2*b + 3. Let j(r) = -3*q(r) - 4*v(r). Determine j(2).
-19
Let k(n) = -n**2 + 6*n - 11. Let t = 7 + -13. Let w(c) = c**2 - 7*c + 13. Let h(g) = t*w(g) - 7*k(g). What is h(0)?
-1
Let a(r) = -r**3 + 8*r**2 - 11*r + 16. Let j(q) = 73*q - 431. Let f be j(6). Calculate a(f).
-12
Let y(t) = -t + 0*t**2 + t**2 + 341 - 343. Determine y(2).
0
Let a(z) = -z**2 + 7*z - 15. Suppose 0 = -700*q + 691*q + 27. Determine a(q).
-3
Let k(w) = 1 - 3*w - 2 + 0*w. Let q be k(-1). Let s(n) = -38 + 12 + 4*n + 29 - 6*n - n**2. Determine s(q).
-5
Let b(k) = 7*k - 14*k - 6 - 9*k - 13*k + 27*k. Give b(5).
-16
Suppose -3*y + 4 = -y. Let v(h) = -2*h**2 + 3*h**y + 4*h - 3 + 3*h**2 - 3*h**2. Calculate v(-5).
2
Let t = -45 - -41. Let y(n) = n + 1. Let m(p) = -p - 2. Let a(c) = t*m(c) - 3*y(c). Give a(-8).
-3
Let d(o) be the third derivative of -o**6/120 + o**5/6 - o**4/12 + 10*o**3/3 - 6*o**2 - 2*o. What is d(10)?
0
Suppose -2*w = 2*w + 40